 is w(6)?
13
Let w(v) = -v**3 - 5*v**2 + 20*v + 37. What is w(-7)?
-5
Let j(b) = b**3 - 14*b**2 + 11*b + 27. Calculate j(13).
1
Let o(u) = u**2 - 10*u - 14. Determine o(15).
61
Let h(k) = 3*k**3 - 2*k**2 + k - 2. Calculate h(2).
16
Let o(i) = -86*i + 5. Give o(2).
-167
Let m(g) = -g**2 + 11*g + 15. Determine m(12).
3
Let d(b) = -b - 26. Determine d(-12).
-14
Let g(k) = -12*k - 198. What is g(-17)?
6
Let n(m) = -3*m**2 + 19*m - 2. What is n(6)?
4
Let m(o) = -o**2 + 6*o + 8. Calculate m(8).
-8
Let u(s) = 48*s**2 - 9*s - 7. Determine u(-1).
50
Let v(o) = 8*o + 95. Calculate v(-22).
-81
Let n(q) = -2*q**2 - 10*q + 21. What is n(-9)?
-51
Let q(y) = -11*y**3 - y**2 - 1. Calculate q(-2).
83
Let m(x) = 6*x + 3. Calculate m(-6).
-33
Let i(r) = 3*r**2 + 268*r + 84. What is i(-89)?
-5
Let l(s) = 9*s - 2. Give l(-1).
-11
Let o(f) = f**3 - 2*f**2 + 3. Give o(5).
78
Let m(g) = -g + 8. Calculate m(13).
-5
Let r(z) = 5*z + 3. Give r(-5).
-22
Let v(x) = -x**3 - 10*x**2 - 9*x + 4. Calculate v(-8).
-52
Let u(s) = -s + 18. Calculate u(19).
-1
Let n(p) = p**2 + 2*p - 36. What is n(-8)?
12
Let d(q) = q**2 - 8*q + 9. Calculate d(7).
2
Let t(x) = -9*x + 1. Calculate t(1).
-8
Let i(o) = -o**3 - 5*o**2 + 13*o + 4. Determine i(-7).
11
Let n(o) = -o**3 + 8*o**2 + 9*o - 13. Give n(9).
-13
Let s(j) = -j**3 - 8*j**2 - 4*j + 1. Give s(-7).
-20
Let g(x) = -75*x**3 + x**2. Determine g(-1).
76
Let c(b) = b**3 - 9*b**2 + 6*b - 14. Calculate c(8).
-30
Let l(c) = -c**3 - 6*c**2 + c + 3. What is l(-6)?
-3
Let a(t) = -16*t + 369. What is a(23)?
1
Let k(t) = -t**3 - 4*t**2 + 2. Determine k(-3).
-7
Let p(c) = 44*c**2 + c - 1. Give p(1).
44
Let v(b) = -4*b + 11. Determine v(9).
-25
Let b(u) = 5*u - 28. What is b(8)?
12
Let i(x) = 6*x**2 - 86*x + 29. What is i(14)?
1
Let w(b) = -6*b + 142. Determine w(23).
4
Let h(d) = 2*d + 17. Calculate h(-7).
3
Let o(w) = 245*w + 487. Determine o(-2).
-3
Let q(j) = j**2 + 15*j + 17. What is q(-13)?
-9
Let x(q) = q**3 - 14*q**2 - 3*q - 6. Determine x(14).
-48
Let t(a) = 8*a - 92. Calculate t(12).
4
Let c(s) = -2*s**2 + 15*s + 5. Give c(11).
-72
Let n(m) = 14*m - 1. What is n(1)?
13
Let l(s) = s**3 - 8*s**2 + 7*s - 6. Determine l(7).
-6
Let k(d) = d**2 - d + 1. Determine k(-6).
43
Let u(q) = 2*q**2 - 12*q + 19. What is u(9)?
73
Let l(a) = -68*a**2. Determine l(-1).
-68
Let k(n) = n**2 - 5*n - 10. Calculate k(6).
-4
Let v(i) = i**3 + 10*i**2 + 5*i - 6. What is v(-9)?
30
Let d(v) = -5*v - 28. Calculate d(-5).
-3
Let p(c) = 2*c - 10. Calculate p(-13).
-36
Let t(r) = 3*r + 11. What is t(-6)?
-7
Let j(r) = -r - 10. Calculate j(-6).
-4
Let i(s) = -4*s. Give i(-9).
36
Let y(k) = -k - 10. Give y(-3).
-7
Let s(w) = 18*w**3 - 2*w**2 + w + 2. Determine s(-1).
-19
Let o(j) = j**2 + 15*j + 21. What is o(-9)?
-33
Let r(m) = -m**3 + 6*m**2 + 7*m. Give r(7).
0
Let r(n) = n**2 + 59*n + 631. Determine r(-45).
1
Let m(t) = -t**3 + 13*t**2 - t + 14. Give m(13).
1
Let z(t) = 3*t - 24. Determine z(6).
-6
Let w(v) = 11*v**3 + v. Give w(-1).
-12
Let t(p) = p**3 + 5*p**2 - 2*p + 2. Determine t(-5).
12
Let h(o) = -5*o + 1. What is h(1)?
-4
Let z(c) = 15*c**2 + 3*c + 2. Calculate z(-2).
56
Let u(t) = t**3 + 18*t**2 - 3. Calculate u(-18).
-3
Let b(o) = -2*o**2 + 12*o - 23. Give b(2).
-7
Let c(m) = 14*m + 3. Give c(-1).
-11
Let z(j) = -j**2 + 6*j + 21. What is z(-2)?
5
Let h(g) = -2*g**3 - 55*g**2 - 78*g + 5. Determine h(-26).
5
Let c(x) = 40*x + 217. What is c(-5)?
17
Let c(y) = -y + 23. Calculate c(5).
18
Let j(w) = 8*w + 21. Calculate j(-3).
-3
Let r(v) = 3*v**2 - 51*v + 49. Calculate r(16).
1
Let r(u) = -9*u + 5. Determine r(4).
-31
Let i(r) = -r**3 + 12*r**2 + 28*r + 8. Determine i(14).
8
Let k(d) = d**2 - 10*d + 26. Determine k(5).
1
Let d(z) = -5*z + 40. Give d(9).
-5
Let j(a) = -52*a + 12. Calculate j(-1).
64
Let g(v) = 16*v - 2. Calculate g(-1).
-18
Let f(b) = b**3 + 8*b**2 - 10*b - 45. Give f(-8).
35
Let c(o) = o + 10. Determine c(11).
21
Let l(b) = -b**3 + 7*b**2 - 6*b. Determine l(6).
0
Let k(q) = -2*q**2 + 4*q - 5. Calculate k(5).
-35
Let g(t) = t**2 + 11*t + 18. Calculate g(-10).
8
Let s(i) = -i**2 + 17*i - 24. Calculate s(7).
46
Let m(d) = -d**2 + d - 5. Calculate m(0).
-5
Let b(v) = -33*v. Give b(1).
-33
Let k(m) = m**3 + 10*m**2 - 13*m - 9. Determine k(-11).
13
Let k(v) = 3*v + 27. Give k(-11).
-6
Let h(n) = -10*n - 256. What is h(-25)?
-6
Let c(h) = -3*h + 54. Calculate c(19).
-3
Let d(n) = -6*n - 4. Calculate d(5).
-34
Let b(k) = -k**3 - 3*k**2 + 2*k + 9. Give b(-3).
3
Let g(t) = -t**3 - 18*t**2 + 19*t + 14. Calculate g(-19).
14
Let f(w) = w**3 - 7*w**2 - 4*w + 4. What is f(7)?
-24
Let w(t) = 5*t**2 + 3*t + 3. Give w(-2).
17
Let i(f) = -f**3 - 6*f**2 + 10*f + 18. Determine i(-7).
-3
Let x(u) = u**3 - 9*u**2 - 10*u + 13. Determine x(10).
13
Let k(a) = 25*a**3 + a**2 + 2*a + 2. What is k(-1)?
-24
Let y(d) = 12*d - 78. What is y(4)?
-30
Let q(g) = g**3 - 7*g**2 - 3*g + 9. Calculate q(7).
-12
Let p(h) = -h**3 + 6*h**2 - 5*h + 17. Calculate p(6).
-13
Let g(l) = -6*l + 82. Give g(14).
-2
Let b(g) = 2*g**2 + 31*g - 222. Calculate b(-21).
9
Let f(y) = y**2 - 2*y - 10. Give f(0).
-10
Let a(q) = -3*q**3 + 4*q**2 - 5*q + 5. Give a(3).
-55
Let s(b) = 2*b**3 + 6*b**2 - 2*b - 2. Give s(-4).
-26
Let m(s) = 9*s - 6. What is m(1)?
3
Let c(v) = 2*v**2 - 56*v - 45. What is c(29)?
13
Let w(s) = -33*s - 1. What is w(2)?
-67
Let y(r) = 3*r**3 + 37*r**2 - 30*r - 52. What is y(-13)?
0
Let n(i) = -2*i**2 - 5*i - 6. Calculate n(-8).
-94
Let o(q) = q**2 - 9*q + 7. What is o(5)?
-13
Let c(g) = -g**3 - 9*g**2 + 29*g + 67. Give c(-11).
-10
Let z(r) = -r + 13. Determine z(0).
13
Let q(k) = k**3 + 10*k**2 + 4*k + 6. Determine q(-10).
-34
Let f(g) = -g**3 + 3*g**2 + 8*g - 40. Give f(5).
-50
Let w(a) = -5*a + 1. What is w(-4)?
21
Let c(r) = r**2 - 1. Give c(2).
3
Let c(a) = a**3 - 5*a**2 + 7*a - 6. Give c(4).
6
Let i(b) = b - 5. Give i(-6).
-11
Let c(z) = -z**2 - 21*z - 2. Determine c(-10).
108
Let y(q) = 6*q + 106. Give y(-19).
-8
Let j(n) = -17*n**2 + 19*n + 22. What is j(-1)?
-14
Let r(h) = -h**2 + 9*h + 3. What is r(8)?
11
Let n(t) = -4*t - 78. What is n(-21)?
6
Let v(r) = -3*r**3 - 7*r - 33. Determine v(-4).
187
Let o(q) = 7*q + 2. Calculate o(-11).
-75
Let b(p) = -2*p**2 - 22*p - 27. Determine b(-12).
-51
Let y(t) = 7*t - 43. Give y(2).
-29
Let t(j) = j**2 + 11*j + 26. Calculate t(-5).
-4
Let c(p) = 4*p**2 + p - 12. Give c(2).
6
Let c(g) = -51*g. Give c(1).
-51
Let h(p) = p**2 + 17*p + 20. Determine h(-15).
-10
Let k(f) = -2*f**3 - 15*f**2 - 7*f - 8. What is k(-7)?
-8
Let y(r) = -r**2 - r + 4. What is y(0)?
4
Let h(o) = 9*o + 1. Give h(-4).
-35
Let b(l) = 4*l + 5. Give b(-3).
-7
Let g(t) = 26*t**2 + 2*t - 2. Calculate g(1).
26
Let g(w) = -w**3 + 16*w**2 - 16*w - 4. What is g(15)?
-19
Let o(j) = -20*j + 375. What is o(19)?
-5
Let x(u) = 23*u - 254. Calculate x(11).
-1
Let x(y) = y**3 + 3*y**2 - 91*y + 25. Determine x(8).
1
Let c(d) = -14*d**2 + 4*d. Determine c(1).
-10
Let f(s) = 26*s + 15. Give f(-1).
-11
Let x(c) = 2*c**2 - 7*c + 5. Give x(4).
9
Let b(y) = 5*y - 43. Give b(7).
-8
Let j(w) = w**3 - 5*w**2 - 3*w + 7. Determine j(6).
25
Let d(m) = 22*m + 1050. Calculate d(-48).
-6
Let d(m) = m**3 + 32*m**2 - 64*m + 119. Determine d(-34).
-17
Let d(w) = -19*w + 524. What is d(28)?
-8
Let c(i) = i**2 - i - 10. Calculate c(5).
10
Let w(s) = -8*s + 4. What is w(6)?
-44
Let k(r) = -r**2 + 18*r + 187. What is k(25)?
12
Let q(v) = v**3 + v**2 - v + 23. Give q(0).
23
Let d(f) = 2*f**3 - 15*f**2 - 13*f + 42. What is d(8)?
2
Let s(o) = o**3 - 5*o**2 - 17. What is s(5)?
-17
Let n(k) = -4*k**3 + 6*k. Calculate n(-2).
20
Let n(o) = -7*o**3 + 2*o**2 + 2*o - 1. Give n(-1).
6
Let d(c) = c**3 - 2*c**2 - c + 6. Calculate d(2).
4
Let p(z) = 11*z - 87. Give p(8).
1
Let r(a) = a**3 - 6*a**2 - 11*a + 17. Determine r(7).
-11
Let k(j) = j**3 - 6*j**2 + 4*j - 28. Determine k(6).
-4
Let l(n) = n**2 - 31*n + 152. Calculate l(25).
2
Let b(j) = j**3 + 2*j**2 + j - 8. Calculate b(0).
-8
Let n(r) = r**2 - 8*r + 26. Determine n(9).
35
Let f(j) = -3*j - 1. Determine f(3).
-10
Let j(q) = -q**3 + 3*q**2 + 5*q - 2. What is j(4)?
2
Let o(j) = j - 9. Give o(10).
1
Let j(f) = f**3 + 7*f**2 + 11*f. Give j(-4).
4
Let z(n) = -64*n - 9. Calculate z(-2).
119
Let l(w) = w**2 + 2*w - 27. What is l(0)?
-27
Let z(y) = -25*y**3. Deter